{"batchcomplete":"","continue":{"lecontinue":"20260415192233|2097","continue":"-||"},"query":{"logevents":[{"logid":2107,"ns":14,"title":"Kategorie:Ane\u017eka Smr\u010dkov\u00e1","pageid":1742,"logpage":1742,"revid":3563,"params":{},"type":"create","action":"create","user":"Luk\u00e1\u0161 Mal\u00fd","timestamp":"2026-05-01T05:37:23Z","comment":"zalo\u017eena nov\u00e1 str\u00e1nka s textem \u201e{{DEFAULTSORT:Smr\u010dkov\u00e1 Ane\u017eka}} [[Kategorie:Narozen\u00ed ve 20. stolet\u00ed]] [[Kategorie:Zem\u0159el\u00ed ve 20. stolet\u00ed]] [[Kategorie:Zam\u011bstnanci adamovsk\u00fdch stroj\u00edren]] [[Kategorie:Adamov\u0161t\u00ed knihovn\u00edci]]\u201c"},{"logid":2106,"ns":14,"title":"Kategorie:Adamov\u0161t\u00ed knihovn\u00edci","pageid":1741,"logpage":1741,"revid":3562,"params":{},"type":"create","action":"create","user":"Luk\u00e1\u0161 Mal\u00fd","timestamp":"2026-05-01T05:36:46Z","comment":"zalo\u017eena nov\u00e1 str\u00e1nka s textem \u201e[[Kategorie:Knihovna (Adamov)]]\u201c"},{"logid":2105,"ns":0,"title":"Ane\u017eka Smr\u010dkov\u00e1","pageid":1740,"logpage":1740,"revid":3561,"params":{},"type":"create","action":"create","user":"Luk\u00e1\u0161 Mal\u00fd","timestamp":"2026-05-01T05:35:10Z","comment":"zalo\u017eena nov\u00e1 str\u00e1nka s textem \u201e{{Chyb\u00ed obr\u00e1zek}} '''Ane\u017eka Smr\u010dkov\u00e1''' (12. prosince 1919 \u2013 9. ledna 1966 v [[Brno|Brn\u011b]]) byla pracovnice [[Adamovsk\u00e9 stroj\u00edrny|Adamovsk\u00fdch stroj\u00edren]] a knihovnice v adamovsk\u00e9 [[Knihovna (Adamov)|knihovn\u011b]].  Smr\u010dkov\u00e1 byla zam\u011bstnankyn\u011b Adamovsk\u00fdch stroj\u00edren. Krom\u011b toho tak\u00e9 zast\u00e1vala celou \u0159adu funkc\u00ed, p\u0159edev\u0161\u00edm pak byla \u010dlenkou kulturn\u011b-\u0161kolsk\u00e9 komise a knihovnice M\u00edstn\u00ed lidov\u00e9 knihovny. Zem\u0159ela ve sv\u00fdch 46 le\u2026\u201c"},{"logid":2104,"ns":0,"title":"Doprava v Adamov\u011b","pageid":1739,"logpage":1739,"revid":3554,"params":{},"type":"create","action":"create","user":"Luk\u00e1\u0161 Mal\u00fd","timestamp":"2026-04-27T13:00:30Z","comment":"zalo\u017eena nov\u00e1 str\u00e1nka s textem \u201e'''Doprava v Adamov\u011b''' je z v\u011bt\u0161\u00ed m\u00edry slo\u017eena z dopravy silni\u010dn\u00ed a \u017eelezni\u010dn\u00ed. \u0158\u00ed\u010dn\u00ed doprava je vyu\u017e\u00edv\u00e1na rekrea\u010dn\u011b.  == \u017delezni\u010dn\u00ed == [[Soubor:Kratky, Frantisek - Adamov, rychlik (ca 1893).jpg|n\u00e1hled|alt=\u017deleznice v Adamov\u011b na konci 19. stolet\u00ed|\u017deleznice v Adamov\u011b na konci 19. stolet\u00ed]] Adamov d\u00edky nep\u0159\u00edstupn\u00e9mu ter\u00e9nu, ve kter\u00e9m vznikl, byl dlouh\u00e1 l\u00e9ta tzv. od\u0159\u00edznut od sv\u011bta. Do m\u011bsta se dostaly jen povozy\u2026\u201c"},{"logid":2103,"ns":14,"title":"Kategorie:Pam\u011btn\u00ed deska Julia Wiehla","pageid":1738,"logpage":1738,"revid":3546,"params":{},"type":"create","action":"create","user":"Luk\u00e1\u0161 Mal\u00fd","timestamp":"2026-04-26T05:07:00Z","comment":"zalo\u017eena nov\u00e1 str\u00e1nka s textem \u201e[[Kategorie:Pam\u00e1tn\u00edky v Olomu\u010danech]] [[Kategorie:Pam\u00e1tn\u00edky v Lesnick\u00e9m Slav\u00edn\u011b]] [[Kategorie:Stavby z 20. stolet\u00ed]]\u201c"},{"logid":2102,"ns":0,"title":"Pam\u011btn\u00ed deska Julia Wiehla","pageid":1737,"logpage":1737,"revid":3543,"params":{},"type":"create","action":"create","user":"Luk\u00e1\u0161 Mal\u00fd","timestamp":"2026-04-26T05:05:33Z","comment":"zalo\u017eena nov\u00e1 str\u00e1nka s textem \u201e[[Soubor:Wiehl.jpg|n\u00e1hled|alt=Pam\u00e1tn\u00edk Julia Wiehla|Pam\u00e1tn\u00edk Julia Wiehla]] '''Pam\u011btn\u00ed deska Julia Wiehla''' se nach\u00e1z\u00ed v \u00fadol\u00ed [[Padouchov]] pod [[Olomu\u010dany]]. Um\u00edst\u011bna je na sk\u00e1le b\u00fdval\u00e9ho mal\u00e9ho lomu v a je na n\u00ed um\u00edst\u011bn n\u00e1pis:  <blockquote> ''JULIUS''<br> ''WIEHL''<br> ''1847\u20131917''<br> ''1929'' </blockquote>  == Historie == Pam\u011btn\u00ed deska byla po\u0161kozena b\u011bhem druh\u00e9 sv\u011btov\u00e9 v\u00e1lky. Vym\u011bn\u011bna byla v roce 1998 v p\u0159i o\u2026\u201c"},{"logid":2101,"ns":14,"title":"Kategorie:Opevn\u011bn\u00e1 stanovi\u0161t\u011b okolo Nov\u00e9ho hradu","pageid":1736,"logpage":1736,"revid":3536,"params":{},"type":"create","action":"create","user":"Luk\u00e1\u0161 Mal\u00fd","timestamp":"2026-04-19T19:09:40Z","comment":"zalo\u017eena nov\u00e1 str\u00e1nka s textem \u201e[[Kategorie:Stavby z 15. stolet\u00ed]] [[Kategorie:Nov\u00fd hrad]]\u201c"},{"logid":2100,"ns":0,"title":"Opevn\u011bn\u00e1 stanovi\u0161t\u011b okolo Nov\u00e9ho hradu","pageid":1735,"logpage":1735,"revid":3535,"params":{},"type":"create","action":"create","user":"Luk\u00e1\u0161 Mal\u00fd","timestamp":"2026-04-19T19:09:21Z","comment":"zalo\u017eena nov\u00e1 str\u00e1nka s textem \u201e{{Chyb\u00ed obr\u00e1zek}} '''Opevn\u011bn\u00e1 stanovi\u0161t\u011b okolo Nov\u00e9ho hradu''' je \u0161est opevn\u011bn\u00fdch m\u00edst, kter\u00e9 se nach\u00e1zej\u00ed v okol\u00ed [[Nov\u00fd hrad|Nov\u00e9ho hradu]].  V okol\u00ed Nov\u00e9ho hradu, respektive [[Star\u00fd hrad|Star\u00e9ho hradu]], bylo v 70. letech 20. stolet\u00ed Krajsk\u00fdm st\u0159ediskem st\u00e1tn\u00ed pam\u00e1tkov\u00e9 p\u00e9\u010de a ochrany p\u0159\u00edrody v Brn\u011b nalezeno p\u011bt opevn\u011bn\u00fdch stanovi\u0161\u0165. Podle rozlo\u017een\u00ed jednotliv\u00fdch stanovi\u0161\u0165 v ter\u00e9nu se p\u016fvodn\u011b pova\u017eovala\u2026\u201c"},{"logid":2099,"ns":14,"title":"Kategorie:R\u016f\u017eena Nejedl\u00e1","pageid":1734,"logpage":1734,"revid":3532,"params":{},"type":"create","action":"create","user":"Luk\u00e1\u0161 Mal\u00fd","timestamp":"2026-04-18T05:34:16Z","comment":"zalo\u017eena nov\u00e1 str\u00e1nka s textem \u201e{{DEFAULTSORT:Nejedl\u00e1 R\u016f\u017eena}} [[Kategorie:Narozen\u00ed ve 20. stolet\u00ed]] [[Kategorie:Zem\u0159el\u00ed ve 20. stolet\u00ed]] [[Kategorie:Adamov\u0161t\u00ed kronik\u00e1\u0159i]] [[Kategorie:Zam\u011bstnanci adamovsk\u00fdch stroj\u00edren]]\u201c"},{"logid":2098,"ns":0,"title":"R\u016f\u017eena Nejedl\u00e1","pageid":1733,"logpage":1733,"revid":3531,"params":{},"type":"create","action":"create","user":"Luk\u00e1\u0161 Mal\u00fd","timestamp":"2026-04-18T05:32:31Z","comment":"zalo\u017eena nov\u00e1 str\u00e1nka s textem \u201e{{Chyb\u00ed obr\u00e1zek}} '''R\u016f\u017eena Nejedl\u00e1''' (19. srpna 1933 v T\u0159e\u0161ti \u2013 25. kv\u011btna 2015) byla adamovsk\u00e1 [[Kronika m\u011bsta Adamova|kronik\u00e1\u0159ka]] a zam\u011bstnankyn\u011b [[Adamovsk\u00e9 stroj\u00edrny|Adamovsk\u00fdch stroj\u00edren]].  == \u017divotopis == R\u016f\u017eena se narodila 19. srpna 1933 v T\u0159e\u0161ti na Vyso\u010din\u011b v \u00fa\u0159ednick\u00e9 rodin\u011b. Po ukon\u010den\u00ed povinn\u00e9 \u0161koln\u00ed doch\u00e1zky vystudovala v letech 1948\u20131952 V\u0160U ve Velk\u00e9m Mezi\u0159\u00ed\u010d\u00ed. Do prvn\u00edho zam\u011bstn\u00e1n\u00ed nas\u2026\u201c"}]}}

Kategorie:Anežka Smrčková

Lukáš Malý

založena nová stránka s textem „{{DEFAULTSORT:Smrčková Anežka}} [[Kategorie:Narození ve 20. století]] [[Kategorie:Zemřelí ve 20. století]] [[Kategorie:Zaměstnanci adamovských strojíren]] [[Kategorie:Adamovští knihovníci]]“

Kategorie:Adamovští knihovníci

založena nová stránka s textem „[[Kategorie:Knihovna (Adamov)]]“

Anežka Smrčková

založena nová stránka s textem „{{Chybí obrázek}} '''Anežka Smrčková''' (12. prosince 1919 – 9. ledna 1966 v [[Brno|Brně]]) byla pracovnice [[Adamovské strojírny|Adamovských strojíren]] a knihovnice v adamovské [[Knihovna (Adamov)|knihovně]].  Smrčková byla zaměstnankyně Adamovských strojíren. Kromě toho také zastávala celou řadu funkcí, především pak byla členkou kulturně-školské komise a knihovnice Místní lidové knihovny. Zemřela ve svých 46 le…“

Doprava v Adamově

založena nová stránka s textem „'''Doprava v Adamově''' je z větší míry složena z dopravy silniční a železniční. Říční doprava je využívána rekreačně.  == Železniční == [[Soubor:Kratky, Frantisek - Adamov, rychlik (ca 1893).jpg|náhled|alt=Železnice v Adamově na konci 19. století|Železnice v Adamově na konci 19. století]] Adamov díky nepřístupnému terénu, ve kterém vznikl, byl dlouhá léta tzv. odříznut od světa. Do města se dostaly jen povozy…“

Kategorie:Pamětní deska Julia Wiehla

založena nová stránka s textem „[[Kategorie:Památníky v Olomučanech]] [[Kategorie:Památníky v Lesnickém Slavíně]] [[Kategorie:Stavby z 20. století]]“

Pamětní deska Julia Wiehla

založena nová stránka s textem „[[Soubor:Wiehl.jpg|náhled|alt=Památník Julia Wiehla|Památník Julia Wiehla]] '''Pamětní deska Julia Wiehla''' se nachází v údolí [[Padouchov]] pod [[Olomučany]]. Umístěna je na skále bývalého malého lomu v a je na ní umístěn nápis:  <blockquote> ''JULIUS''<br> ''WIEHL''<br> ''1847–1917''<br> ''1929'' </blockquote>  == Historie == Pamětní deska byla poškozena během druhé světové války. Vyměněna byla v roce 1998 v při o…“

Kategorie:Opevněná stanoviště okolo Nového hradu

založena nová stránka s textem „[[Kategorie:Stavby z 15. století]] [[Kategorie:Nový hrad]]“

Opevněná stanoviště okolo Nového hradu

založena nová stránka s textem „{{Chybí obrázek}} '''Opevněná stanoviště okolo Nového hradu''' je šest opevněných míst, které se nacházejí v okolí [[Nový hrad|Nového hradu]].  V okolí Nového hradu, respektive [[Starý hrad|Starého hradu]], bylo v 70. letech 20. století Krajským střediskem státní památkové péče a ochrany přírody v Brně nalezeno pět opevněných stanovišť. Podle rozložení jednotlivých stanovišť v terénu se původně považovala…“

Kategorie:Růžena Nejedlá

založena nová stránka s textem „{{DEFAULTSORT:Nejedlá Růžena}} [[Kategorie:Narození ve 20. století]] [[Kategorie:Zemřelí ve 20. století]] [[Kategorie:Adamovští kronikáři]] [[Kategorie:Zaměstnanci adamovských strojíren]]“

Růžena Nejedlá

založena nová stránka s textem „{{Chybí obrázek}} '''Růžena Nejedlá''' (19. srpna 1933 v Třešti – 25. května 2015) byla adamovská [[Kronika města Adamova|kronikářka]] a zaměstnankyně [[Adamovské strojírny|Adamovských strojíren]].  == Životopis == Růžena se narodila 19. srpna 1933 v Třešti na Vysočině v úřednické rodině. Po ukončení povinné školní docházky vystudovala v letech 1948–1952 VŠU ve Velkém Meziříčí. Do prvního zaměstnání nas…“
