{"batchcomplete":"","continue":{"lecontinue":"20260629184358|2164","continue":"-||"},"query":{"logevents":[{"logid":2174,"ns":0,"title":"Ochoz u Brna","pageid":1805,"logpage":1805,"revid":3899,"params":{},"type":"create","action":"create","user":"Luk\u00e1\u0161 Mal\u00fd","timestamp":"2026-08-25T07:54:47Z","comment":"zalo\u017eena nov\u00e1 str\u00e1nka s textem \u201e[[Soubor:Ochoz u Brna - pohled od jihu, 2026-06, obr01.jpg|n\u00e1hled|alt=Ochoz u Brna|Ochoz u Brna]] '''Ochoz u Brna''' je obec v okrese Brno-venkov. \u017dije zde p\u0159ibli\u017en\u011b 1 600 obyvatel, v obci je evidov\u00e1no 886 adres. V roce 1947 byla k Ochozi p\u0159ipojena sousedn\u00ed vesnice Obce. Ochoz\u00ed prot\u00e9k\u00e1 [[Ochozsk\u00fd potok]].  == Historie == Prvn\u00ed p\u00edsemn\u00e1 zm\u00ednka o obci poch\u00e1z\u00ed z roku 1237 jako majetku z\u00e1brdovick\u00e9ho kl\u00e1\u0161tera, zm\u00ednka o vsi Obce z roku\u2026\u201c"},{"logid":2173,"ns":14,"title":"Kategorie:\u017delezni\u010d\u00e1\u0159i v Adamov\u011b","pageid":1804,"logpage":1804,"revid":3896,"params":{},"type":"create","action":"create","user":"Luk\u00e1\u0161 Mal\u00fd","timestamp":"2026-08-18T05:22:42Z","comment":"zalo\u017eena nov\u00e1 str\u00e1nka s textem \u201e[[Kategorie:Lid\u00e9 v Adamov\u011b]]\u201c"},{"logid":2172,"ns":14,"title":"Kategorie:Du\u0161an Mina\u0159\u00edk","pageid":1803,"logpage":1803,"revid":3895,"params":{},"type":"create","action":"create","user":"Luk\u00e1\u0161 Mal\u00fd","timestamp":"2026-08-18T05:22:25Z","comment":"zalo\u017eena nov\u00e1 str\u00e1nka s textem \u201e{{DEFAULTSORT:Mina\u0159\u00edk Du\u0161an}} [[Kategorie:Narozen\u00ed ve 20. stolet\u00ed]] [[Kategorie:Zem\u0159el\u00ed ve 20. stolet\u00ed]] [[Kategorie:Poh\u0159ben\u00ed na Star\u00e9m h\u0159bitov\u011b v Adamov\u011b]] [[Kategorie:\u017delezni\u010d\u00e1\u0159i v Adamov\u011b]]\u201c"},{"logid":2171,"ns":0,"title":"Du\u0161an Mina\u0159\u00edk","pageid":1802,"logpage":1802,"revid":3894,"params":{},"type":"create","action":"create","user":"Luk\u00e1\u0161 Mal\u00fd","timestamp":"2026-08-18T05:19:59Z","comment":"zalo\u017eena nov\u00e1 str\u00e1nka s textem \u201e[[Soubor:2026-08-04 Grave of the Tiefenbach family in the Old Cemetery in Adamov.jpg|n\u00e1hled|alt=Hrob Tiefenbachovy rodiny na Star\u00e9m h\u0159bitov\u011b v Adamov\u011b, kde je ulo\u017eena tak\u00e9 Mina\u0159\u00edkova urna|Hrob Tiefenbachovy rodiny na Star\u00e9m h\u0159bitov\u011b v Adamov\u011b, kde je ulo\u017eena tak\u00e9 Mina\u0159\u00edkova urna]] '''Du\u0161an Mina\u0159\u00edk''' (13. \u0159\u00edjna 1903 v [[Blansko|Blansku]] \u2013 4. \u00fanora 1976) byl \u017eelezni\u010dn\u00ed \u00fa\u0159edn\u00edk p\u016fsob\u00edc\u00ed v [[Adamov]]\u011b.  == \u017divotopis =\u2026\u201c"},{"logid":2170,"ns":14,"title":"Kategorie:Jan Mel\u010d","pageid":1801,"logpage":1801,"revid":3888,"params":{},"type":"create","action":"create","user":"Luk\u00e1\u0161 Mal\u00fd","timestamp":"2026-08-03T14:17:42Z","comment":"zalo\u017eena nov\u00e1 str\u00e1nka s textem \u201e{{DEFAULTSORT:Mel\u010d Jan}} [[Kategorie:Narozen\u00ed v 19. stolet\u00ed]] [[Kategorie:Zem\u0159el\u00ed ve 20. stolet\u00ed]] [[Kategorie:Starostov\u00e9 Adamova]]\u201c"},{"logid":2169,"ns":0,"title":"Jan Mel\u010d","pageid":1800,"logpage":1800,"revid":3883,"params":{},"type":"create","action":"create","user":"Luk\u00e1\u0161 Mal\u00fd","timestamp":"2026-07-26T06:16:11Z","comment":"zalo\u017eena nov\u00e1 str\u00e1nka s textem \u201e{{Chyb\u00ed obr\u00e1zek}} '''Jan Mel\u010d''' (4. \u010dervna 1881 ve Zdej\u010d\u00edn\u011b \u2013 1965) byl adamovsk\u00fd starosta a z\u00e1me\u010dn\u00edk pracuj\u00edc\u00ed v adamovsk\u00fdch stroj\u00edrn\u00e1ch.  == \u017divotopis == Jan Mel\u010d se narodil 4. \u010dervna 1881 ve Zdej\u010d\u00edn\u011b v okrese Beroun. V roce 1911 p\u0159i\u0161el do Adamova, kde do Adamova p\u0159i\u0161el s dal\u0161\u00edmi pra\u017esk\u00fdmi zam\u011bstnanci Rustonky. V roce 1921 je ve s\u010d\u00edtac\u00edch oper\u00e1tech uveden s rodinou v dom\u011b na dne\u0161n\u00ed ulici Osvobozen\u00ed 102/8 a\u2026\u201c"},{"logid":2168,"ns":0,"title":"Kr\u00e1tk\u00e1 (Adamov)","pageid":1799,"logpage":1799,"revid":3876,"params":{},"type":"create","action":"create","user":"Luk\u00e1\u0161 Mal\u00fd","timestamp":"2026-07-14T19:56:00Z","comment":"zalo\u017eena nov\u00e1 str\u00e1nka s textem \u201e[[Soubor:Kratka street (Adamov).jpg|n\u00e1hled|alt=Budova b\u00fdval\u00e9 mate\u0159sk\u00e9 \u0161koly na ulici Kr\u00e1tk\u00e1|Budova b\u00fdval\u00e9 mate\u0159sk\u00e9 \u0161koly na ulici Kr\u00e1tk\u00e1]] '''Kr\u00e1tk\u00e1''' je ulice v [[Adamov]]\u011b.  Jedn\u00e1 se o slepou ulici v severoz\u00e1padn\u00ed \u010d\u00e1sti [[Kolonka]]. Ulice za\u010d\u00edn\u00e1 odbo\u010dkou z ulice [[Hybe\u0161ova (Adamov)|Hybe\u0161ova]]. Zde se tak\u00e9 nach\u00e1z\u00ed budova b\u00fdval\u00e9 mate\u0159sk\u00e9 \u0161koly [[Kr\u00e1tk\u00e1 432/2]] s rodinn\u00fdm domem [[Kr\u00e1tk\u00e1 433/3]], kter\u00fd se nach\u2026\u201c"},{"logid":2167,"ns":14,"title":"Kategorie:Josef Ma\u0161ek","pageid":1798,"logpage":1798,"revid":3872,"params":{},"type":"create","action":"create","user":"Luk\u00e1\u0161 Mal\u00fd","timestamp":"2026-07-10T06:02:40Z","comment":"zalo\u017eena nov\u00e1 str\u00e1nka s textem \u201e{{DEFAULTSORT:Ma\u0161ek Josef}} [[Kategorie:Narozen\u00ed v 19. stolet\u00ed]] [[Kategorie:Sportovci v Adamov\u011b]] [[Kategorie:Sportovci v Brn\u011b]] [[Kategorie:Zem\u0159el\u00ed ve 20. stolet\u00ed]]\u201c"},{"logid":2166,"ns":0,"title":"Josef Ma\u0161ek","pageid":1797,"logpage":1797,"revid":3870,"params":{},"type":"create","action":"create","user":"Luk\u00e1\u0161 Mal\u00fd","timestamp":"2026-07-10T05:58:42Z","comment":"zalo\u017eena nov\u00e1 str\u00e1nka s textem \u201e{{Chyb\u00ed obr\u00e1zek}} '''Josef Ma\u0161ek''' (6. \u0159\u00edjna 1900 Kro\u010dehlavy \u2013 p\u0159ed 28. kv\u011btnem 1964) byl fotbalista hraj\u00edc\u00ed za SK \u017didenice, pozd\u011bji [[Blansko]] a [[Adamov]]. St\u00e1l u zrodu adamovsk\u00e9ho fotbalov\u00e9ho klubu.  == \u017divotopis == Josef Ma\u0161ek se narodil roku 6. \u0159\u00edjna 1900 v Kro\u010dehlavech, dnes m\u00edstn\u00ed \u010d\u00e1sti Kladna. Fotbalov\u00fd talent projevoval u\u017e od \u00fatl\u00e9ho v\u011bku \u2013 ve \u010dtrn\u00e1cti letech nastupoval za mu\u017estvo dosp\u011bl\u00fdch.  P\u0159i hled\u00e1\u2026\u201c"},{"logid":2165,"ns":0,"title":"U\u010ditelsk\u00fd d\u016fm","pageid":1796,"logpage":1796,"revid":3855,"params":{},"type":"create","action":"create","user":"Luk\u00e1\u0161 Mal\u00fd","timestamp":"2026-06-30T06:31:11Z","comment":"p\u0159esm\u011brov\u00e1n\u00ed na [[Osvobozen\u00ed 198/13]]"}]}}

Lukáš Malý

založena nová stránka s textem „[[Soubor:Ochoz u Brna - pohled od jihu, 2026-06, obr01.jpg|náhled|alt=Ochoz u Brna|Ochoz u Brna]] '''Ochoz u Brna''' je obec v okrese Brno-venkov. Žije zde přibližně 1 600 obyvatel, v obci je evidováno 886 adres. V roce 1947 byla k Ochozi připojena sousední vesnice Obce. Ochozí protéká [[Ochozský potok]].  == Historie == První písemná zmínka o obci pochází z roku 1237 jako majetku zábrdovického kláštera, zmínka o vsi Obce z roku…“

Kategorie:Železničáři v Adamově

založena nová stránka s textem „[[Kategorie:Lidé v Adamově]]“

Kategorie:Dušan Minařík

založena nová stránka s textem „{{DEFAULTSORT:Minařík Dušan}} [[Kategorie:Narození ve 20. století]] [[Kategorie:Zemřelí ve 20. století]] [[Kategorie:Pohřbení na Starém hřbitově v Adamově]] [[Kategorie:Železničáři v Adamově]]“

Dušan Minařík

založena nová stránka s textem „[[Soubor:2026-08-04 Grave of the Tiefenbach family in the Old Cemetery in Adamov.jpg|náhled|alt=Hrob Tiefenbachovy rodiny na Starém hřbitově v Adamově, kde je uložena také Minaříkova urna|Hrob Tiefenbachovy rodiny na Starém hřbitově v Adamově, kde je uložena také Minaříkova urna]] '''Dušan Minařík''' (13. října 1903 v [[Blansko|Blansku]] – 4. února 1976) byl železniční úředník působící v [[Adamov]]ě.  == Životopis =…“

Kategorie:Jan Melč

založena nová stránka s textem „{{DEFAULTSORT:Melč Jan}} [[Kategorie:Narození v 19. století]] [[Kategorie:Zemřelí ve 20. století]] [[Kategorie:Starostové Adamova]]“

Jan Melč

založena nová stránka s textem „{{Chybí obrázek}} '''Jan Melč''' (4. června 1881 ve Zdejčíně – 1965) byl adamovský starosta a zámečník pracující v adamovských strojírnách.  == Životopis == Jan Melč se narodil 4. června 1881 ve Zdejčíně v okrese Beroun. V roce 1911 přišel do Adamova, kde do Adamova přišel s dalšími pražskými zaměstnanci Rustonky. V roce 1921 je ve sčítacích operátech uveden s rodinou v domě na dnešní ulici Osvobození 102/8 a…“

Krátká (Adamov)

založena nová stránka s textem „[[Soubor:Kratka street (Adamov).jpg|náhled|alt=Budova bývalé mateřské školy na ulici Krátká|Budova bývalé mateřské školy na ulici Krátká]] '''Krátká''' je ulice v [[Adamov]]ě.  Jedná se o slepou ulici v severozápadní části [[Kolonka]]. Ulice začíná odbočkou z ulice [[Hybešova (Adamov)|Hybešova]]. Zde se také nachází budova bývalé mateřské školy [[Krátká 432/2]] s rodinným domem [[Krátká 433/3]], který se nach…“

Kategorie:Josef Mašek

založena nová stránka s textem „{{DEFAULTSORT:Mašek Josef}} [[Kategorie:Narození v 19. století]] [[Kategorie:Sportovci v Adamově]] [[Kategorie:Sportovci v Brně]] [[Kategorie:Zemřelí ve 20. století]]“

Josef Mašek

založena nová stránka s textem „{{Chybí obrázek}} '''Josef Mašek''' (6. října 1900 Kročehlavy – před 28. květnem 1964) byl fotbalista hrající za SK Židenice, později [[Blansko]] a [[Adamov]]. Stál u zrodu adamovského fotbalového klubu.  == Životopis == Josef Mašek se narodil roku 6. října 1900 v Kročehlavech, dnes místní části Kladna. Fotbalový talent projevoval už od útlého věku – ve čtrnácti letech nastupoval za mužstvo dospělých.  Při hledá…“

Učitelský dům

přesměrování na [[Osvobození 198/13]]
